. Suppose 3234 - s = y*h. Is h a prime number?
False
Let q = 1842 - 956. Is q a prime number?
False
Suppose 0 = 3*a - 4*v - 379678, 150622 = a - 4*v + 24052. Is a a composite number?
True
Let h = 169796 - 97820. Suppose 11*g = 23*g - h. Is g composite?
True
Suppose j + 2 = -t - j, 2*t - 3*j = 17. Suppose -3*m + o - 6*o + 9714 = 0, 4*m + t*o - 12944 = 0. Is m prime?
False
Let v(u) = 275*u + 1481. Is v(34) a composite number?
False
Let f(z) = -28*z**2 - 12*z - 61. Let r be f(16). Let o = -2740 - r. Is o prime?
False
Suppose 9*w = -3*w - 5*w. Suppose w = 4*m + 5*x - 1504, 0 = 2*m - 2*x + 3*x - 758. Is m a composite number?
True
Let l(z) = -10*z**2 + 2*z - 7. Let v(h) = -19*h**2 + 4*h - 14. Let j(g) = -5*l(g) + 2*v(g). Suppose -118*r + 47*r = -61*r - 40. Is j(r) a prime number?
True
Let s(c) = 372*c - 40 + 18 + 11 + 70*c. Let o(u) = u - 1. Let d(r) = 3*o(r) - s(r). Is d(-5) composite?
False
Let x be (-3 - 2170/15)*1*3. Let p = x + 820. Is p a prime number?
False
Let n be 2/6 - (-1)/(-3). Suppose n = -6*l + 7582 + 61316. Is l composite?
False
Suppose 27*o = -11*o - 89756. Let p = o - -4571. Is p prime?
False
Let g = -9 + 57. Let u = g + -46. Suppose -3*a + 0*a = -u*t - 115, -3*t = 5*a - 179. Is a a composite number?
False
Let c(f) = -f**2 - 19*f - 40. Let d be c(-16). Suppose -d*u + 33824 + 16968 = 0. Is u a composite number?
True
Let q = -6365 + 14275. Let a = 715 - 717. Is (4 + a)/(20/q) a prime number?
False
Suppose -7*k + 3*n = -5*k + 129326, -4*n = k + 64674. Is (-6)/(-2)*k/(-42) prime?
False
Suppose -249*v = 58*v - 57*v - 383115250. Is v prime?
False
Suppose -7*g - 15 = -2*g, -3*g = -4*i + 160089. Suppose -4*h + 31995 = -5*d, 0 = 2*h - 7*h + d + i. Is h composite?
True
Let o(h) = 34693*h + 41. Is o(2) prime?
True
Let z = -355 + 1128. Suppose -3*c + 19384 = -z. Is c a composite number?
False
Let z(r) = 82*r - 85*r - 5 - 13 + 5*r**2. Let n be z(-6). Let s = 483 - n. Is s composite?
True
Let b(x) = 13 - 7*x + 10*x + x. Let y be b(-7). Is (1 - (-3033)/y)*(0 - 5) prime?
False
Suppose -765 = 5*u - 755. Let n(g) = -1107*g**3 - 5*g - 9. Is n(u) composite?
True
Let x(r) = 54*r**2 - 14*r - 8. Let k be x(9). Suppose -2258 = -18*n + k. Is n composite?
True
Suppose 4*m + m - 336114 = -3*o, 4*o + 4*m = 448144. Is o a prime number?
False
Let u(a) = a**2 - 5*a - 4. Let c be u(6). Suppose 5*o = c + 3. Is (-68 + o)/(-1)*1 prime?
True
Let m = -6023 + 18906. Is m composite?
True
Let v = -228 + 258. Is 6764 + (-4)/v + 154/30 a prime number?
False
Suppose -5*p = -5, -2*j + 2*p = -0*p - 8. Suppose -j*c + 4*k = -9721, -4*k + 2*k = -3*c + 5833. Suppose 0*t + 778 = 2*z + 2*t, -5*z = -5*t - c. Is z composite?
False
Let o(r) = -23*r. Let j be o(-3). Let i(x) = -25 + 38 + 133*x - 46*x + j*x. Is i(23) composite?
True
Let g = -1065434 - -1567615. Is g composite?
False
Let q = 810967 - 198044. Is q a composite number?
False
Suppose 6 = 2*z + 3*g, -g + 6 = -z + 4. Suppose z = 11*d - 9*d - 486. Suppose x - d = 146. Is x prime?
True
Let d(j) = 96*j + 12. Let p be d(-6). Let n = p + 372. Is (2*n)/(-4) + -2 a composite number?
True
Let k(w) = -16*w + 5. Let z be k(-1). Suppose -z*x = -0*x - 9429. Is x composite?
False
Suppose 14*g - 18899604 = -13*g - 9*g. Is g composite?
True
Let y(k) = -61277*k + 1844. Is y(-15) composite?
False
Suppose 0 = -m - 5*v + 1099556, 6*m + 2*v - 897931 = 5699321. Is m composite?
False
Suppose 6858369 = -72*a + 54*a + 39*a. Is a prime?
False
Suppose 3*h + 4*c - 1633615 = 8*c, -5*h - 4*c = -2722713. Is h a composite number?
True
Suppose 14*z - 18*z - 30*z = -1183642. Is z composite?
True
Suppose 0 = -8*k + 114436 + 154324. Is k prime?
False
Let m = -63935 - -139119. Suppose 2*c - m = 3*a, 13*c - a - 75180 = 11*c. Is c a prime number?
True
Let n(y) = -9340*y - 2407. Is n(-12) prime?
True
Let n be (-1 + -1)/(-31 - -29). Is 1 + -3 + n*(-6 + 3259) a composite number?
False
Let p = -49892 + 108541. Is p a composite number?
True
Suppose -2*p + 231938 = 3*a, -5*p - 2*a = -71605 - 508218. Is p a prime number?
True
Let l(j) be the third derivative of 689*j**5/60 + j**4/24 - j**3/6 - 62*j**2. Is l(1) a prime number?
False
Suppose 0 = 4*x + 16*f - 20*f - 1221092, -9*x + 3*f = -2747421. Is x a prime number?
True
Let c(h) = -25052*h + 3105. Is c(-16) prime?
False
Let n(j) = -23484*j + 3635. Is n(-6) prime?
True
Let j be (5*-19)/((-4)/208*-4). Let k = 3208 + j. Is k a prime number?
True
Let l = 9443 - -32280. Is l a composite number?
True
Let p = 133327 + -94920. Let u = p + -15314. Is u prime?
False
Suppose 14*w - 38 = 18. Is w/6*(-17832)/(-16) a prime number?
True
Suppose 0 = -10*m + 7189 + 19541. Let i = m - 1529. Suppose -i - 202 = -2*g. Is g composite?
False
Let u = 415 - 8. Let a = u - -10. Is a prime?
False
Is 70191/(-36)*(-48)/12 a prime number?
False
Suppose -2359 = 6*i - 23191. Suppose -2*v = -v + 1, k = -5*v + i. Suppose b - 5*j = 690, -5*b - j + k = j. Is b prime?
False
Let c = 346 + -2689. Let d = 3446 + c. Suppose 2*a + 349 = d. Is a a prime number?
False
Suppose -67 = -13*y - 15. Suppose 5*k + 2*q - q = 19166, -4*q + y = 0. Is k a prime number?
True
Let o(h) = -162*h + 23. Let r be o(-9). Suppose 4*s + z - 4837 + r = 0, -2*z = s - 846. Is s a prime number?
False
Let x(v) = -v**3 + v + 479. Suppose -2*j - j - 5*f + 37 = 0, 0 = 3*j - f - 7. Suppose 0 = 2*s - j*s + 4*s. Is x(s) prime?
True
Let j = -1208656 + 1896963. Is j a prime number?
False
Let l(m) = -50*m - 24. Let v = 43 + -50. Let a be l(v). Suppose -4*h + a = 50. Is h a prime number?
False
Suppose 29*b - 111 = -8*b. Let y(j) = 7997*j + 206. Is y(b) composite?
False
Suppose 0 = -14*b + 58 + 54. Let s(d) = 443*d - 2 - b + 0 - 3. Is s(4) prime?
True
Suppose -3*o = 2*o - 3*g - 30, 15 = -3*g. Suppose 0 = -2*z + i + 976 + 742, -o*i = -2*z + 1726. Let p = 1710 - z. Is p prime?
True
Suppose -5*o = -11*o + 6. Let q = o + 1. Suppose -j - c = -2*c - 110, q*c = -4*j + 446. Is j a prime number?
False
Let w(h) = -h**3 - 36*h**2 + 19*h - 6. Let o(x) = -x**3 + 2*x**2 + x. Let u(f) = 2*o(f) - w(f). Is u(20) prime?
False
Suppose -k = -2*d + 67, -2*k - 18 - 50 = -2*d. Is 3113 + d + (-3)/(-1) composite?
True
Let d(x) = 3*x**3 - 2*x**2 - 3*x + 2. Let h be d(2). Let a be (-1 - 19)*(-5073)/h. Suppose 3*s - f = a, -2*s + 3*f - 5644 = -4*s. Is s a composite number?
False
Suppose 3860 - 22280 = -6*k. Let i(t) = -t + 7. Let c be i(5). Is 7/42 + (k/12 - c) prime?
False
Suppose 427*b = 446*b - 872459 - 290474. Is b prime?
False
Let t = -3140 + 22087. Is t prime?
True
Suppose 0*d - 3*d - 316 = 2*u, d - 5*u = -77. Let l = d + 138. Suppose -l*q + 35*q = -206. Is q prime?
False
Suppose 0 = -7*u + 82061 + 490196. Is u composite?
True
Suppose 496009 = 4*x - 3*w, 5*w = -3*x + 404986 - 32943. Suppose -x = -5*q - 3*g, -11*q + 6*q - g = -124012. Is q a prime number?
False
Suppose 4*a + 4*u - 5248 = 0, u - 971 = 3*a - 4915. Suppose 0 = -4*y - 2834 - a. Let b = y - -1482. Is b composite?
True
Let o be (-65)/(-39)*(-54)/(-15)*1. Suppose o*c - 6037 = 5*c. Is c a prime number?
True
Let u(o) = -46*o - 29. Let s be (-7)/14*192/2. Let j = s - -40. Is u(j) a prime number?
False
Suppose -5*v + k - 211 = -8*v, -5*k = 2*v - 119. Suppose -74*q = -v*q - 6. Suppose -4*f = -h + 1481, -2*f - 3*f + 4426 = q*h. Is h a composite number?
True
Let m = 873 - 264. Is (-2 + m)*(14 - 3) composite?
True
Suppose -12*p + 8 = -64. Suppose 4*r = x - 159, -2*x + p*x - 696 = 4*r. Suppose -7*m + x + 206 = 0. Is m a composite number?
True
Is (63134/(-6) - 0)/((-25)/75) a composite number?
False
Let p(u) be the first derivative of 44*u**2 + 29*u + 11. Let h = 36 - 28. Is p(h) a prime number?
True
Let g(y) = -407*y**3 + 2*y**2 - y + 10. Let r(w) = -2*w**3 - w**2 - 1. Let p(b) = g(b) + 5*r(b). Is p(-2) a composite number?
False
Let j(r) = 158*r - 19. Let y be ((-36)/(-54))/(1/(-3)). Let x be j(y). Let o = x + 1212. Is o composite?
False
Let l = 201321 + -71567. Is l a composite number?
True
Is (-1)/(-16 + (-91454145)/(-5715885)) composite?
True
Suppose -121*h + 23*h = -85876322. Is h composite?
True
Let c(j) = -132*j - 965. Is c(-39) a composite number?
True
Suppose -4*p + 5*p + 2*p = 0. Suppose 15004 = f - c - p*c, c + 30009 = 2*f. Is f a prime number?
False
Let k = 5805 + -11570. Let l = k + 9966. Is l a composite number?
False
Suppose -5*f = -5*q + 210, -123 = -3*